{"id":62,"date":"2019-04-29T15:21:32","date_gmt":"2019-04-29T13:21:32","guid":{"rendered":"https:\/\/www.starkht.de\/wordpress\/?page_id=62"},"modified":"2019-05-29T15:49:27","modified_gmt":"2019-05-29T13:49:27","slug":"startseite","status":"publish","type":"page","link":"https:\/\/www.starkht.de\/","title":{"rendered":""},"content":{"rendered":"<p>Langj\u00e4hrige Erfahrung in der Branche hat mir solides Wissen und Verst\u00e4ndnis f\u00fcr die Bed\u00fcrfnisse meiner Kunden gebracht. Die Kommunikationstechnik in einem Unternehmen oder einer Praxis, aber auch im Privathaushalt muss funktionieren und darf keine Zeit rauben. Denn Sie wollen sich um Ihre wichtigen Dinge k\u00fcmmern.<\/p>\n<p style=\"text-align: left;\">Gemeinsam mit Ihnen entwickle ich Ideen, finde L\u00f6sungen auf Ihre Fragestellungen und betreue Sie auch sehr gerne weiter.<\/p>\n\n\n<hr class=\"wp-block-separator\"\/>\n\n\n\n<h2 class=\"wp-block-heading\">Meine Leistungen:   <\/h2>\n\n\n\n<div style=\"height:20px\" aria-hidden=\"true\" class=\"wp-block-spacer\"><\/div>\n\n\n\n<div class=\"wp-block-columns has-2-columns is-layout-flex wp-container-core-columns-is-layout-1 wp-block-columns-is-layout-flex\">\n<div class=\"wp-block-column is-layout-flow wp-block-column-is-layout-flow\">\n<h3 class=\"wp-block-heading\" id=\"mce_38\"><strong>&#8211; EDV-Netzwerke<br> <br>&#8211; Telefonanlagen<br><br>&#8211; VoIP<br><br>&#8211; KNX-Geb\u00e4udetechnik<br><br>&#8211; Smart Home<\/strong><\/h3>\n<\/div>\n\n\n\n<div class=\"wp-block-column is-layout-flow wp-block-column-is-layout-flow\">\n<figure class=\"wp-block-image is-resized\"><img loading=\"lazy\" decoding=\"async\" src=\"https:\/\/www.starkht.de\/wp-content\/uploads\/2019\/04\/3.jpg\" alt=\"\" class=\"wp-image-168\" width=\"379\" height=\"411\"\/><\/figure>\n<\/div>\n<\/div>\n\n\n\n<div class=\"wp-block-button aligncenter is-style-default\"><a class=\"wp-block-button__link has-text-color has-very-light-gray-color has-background has-vivid-cyan-blue-background-color\" href=\"https:\/\/www.starkht.de\/?page_id=64\">Kontakt<\/a><\/div>\n","protected":false},"excerpt":{"rendered":"<p>Langj\u00e4hrige Erfahrung in der Branche hat mir solides Wissen und Verst\u00e4ndnis f\u00fcr die Bed\u00fcrfnisse meiner Kunden gebracht. Die Kommunikationstechnik in einem Unternehmen oder einer Praxis, aber auch im Privathaushalt muss funktionieren und darf keine Zeit rauben. Denn Sie wollen sich um Ihre wichtigen Dinge k\u00fcmmern. Gemeinsam mit Ihnen entwickle ich Ideen, finde L\u00f6sungen auf Ihre&hellip; <br \/> <a class=\"read-more\" href=\"https:\/\/www.starkht.de\/\">Weiterlesen<\/a><\/p>\n","protected":false},"author":2,"featured_media":0,"parent":0,"menu_order":1,"comment_status":"closed","ping_status":"closed","template":"","meta":{"footnotes":""},"class_list":["post-62","page","type-page","status-publish","hentry"],"_links":{"self":[{"href":"https:\/\/www.starkht.de\/index.php?rest_route=\/wp\/v2\/pages\/62"}],"collection":[{"href":"https:\/\/www.starkht.de\/index.php?rest_route=\/wp\/v2\/pages"}],"about":[{"href":"https:\/\/www.starkht.de\/index.php?rest_route=\/wp\/v2\/types\/page"}],"author":[{"embeddable":true,"href":"https:\/\/www.starkht.de\/index.php?rest_route=\/wp\/v2\/users\/2"}],"replies":[{"embeddable":true,"href":"https:\/\/www.starkht.de\/index.php?rest_route=%2Fwp%2Fv2%2Fcomments&post=62"}],"version-history":[{"count":46,"href":"https:\/\/www.starkht.de\/index.php?rest_route=\/wp\/v2\/pages\/62\/revisions"}],"predecessor-version":[{"id":300,"href":"https:\/\/www.starkht.de\/index.php?rest_route=\/wp\/v2\/pages\/62\/revisions\/300"}],"wp:attachment":[{"href":"https:\/\/www.starkht.de\/index.php?rest_route=%2Fwp%2Fv2%2Fmedia&parent=62"}],"curies":[{"name":"wp","href":"https:\/\/api.w.org\/{rel}","templated":true}]}}

<p>Langjährige Erfahrung in der Branche hat mir solides Wissen und Verständnis für die Bedürfnisse meiner Kunden gebracht. Die Kommunikationstechnik in einem Unternehmen oder einer Praxis, aber auch im Privathaushalt muss funktionieren und darf keine Zeit rauben. Denn Sie wollen sich um Ihre wichtigen Dinge kümmern.</p>
<p style="text-align: left;">Gemeinsam mit Ihnen entwickle ich Ideen, finde Lösungen auf Ihre Fragestellungen und betreue Sie auch sehr gerne weiter.</p>


<hr class="wp-block-separator"/>



<h2 class="wp-block-heading">Meine Leistungen:   </h2>



<div style="height:20px" aria-hidden="true" class="wp-block-spacer"></div>



<div class="wp-block-columns has-2-columns is-layout-flex wp-container-core-columns-is-layout-1 wp-block-columns-is-layout-flex">
<div class="wp-block-column is-layout-flow wp-block-column-is-layout-flow">
<h3 class="wp-block-heading" id="mce_38"><strong>&#8211; EDV-Netzwerke<br> <br>&#8211; Telefonanlagen<br><br>&#8211; VoIP<br><br>&#8211; KNX-Gebäudetechnik<br><br>&#8211; Smart Home</strong></h3>
</div>



<div class="wp-block-column is-layout-flow wp-block-column-is-layout-flow">
<figure class="wp-block-image is-resized"><img loading="lazy" decoding="async" src="https://www.starkht.de/wp-content/uploads/2019/04/3.jpg" alt="" class="wp-image-168" width="379" height="411"/></figure>
</div>
</div>



<div class="wp-block-button aligncenter is-style-default"><a class="wp-block-button__link has-text-color has-very-light-gray-color has-background has-vivid-cyan-blue-background-color" href="https://www.starkht.de/?page_id=64">Kontakt</a></div>

<p>Langjährige Erfahrung in der Branche hat mir solides Wissen und Verständnis für die Bedürfnisse meiner Kunden gebracht. Die Kommunikationstechnik in einem Unternehmen oder einer Praxis, aber auch im Privathaushalt muss funktionieren und darf keine Zeit rauben. Denn Sie wollen sich um Ihre wichtigen Dinge kümmern. Gemeinsam mit Ihnen entwickle ich Ideen, finde Lösungen auf Ihre&hellip; <br /> <a class="read-more" href="https://www.starkht.de/">Weiterlesen</a></p>
